at is the units digit of h?
0
Suppose -p + 184 = p. Let l = 147 - p. What is the tens digit of l?
5
Suppose 0 = -6340*z + 6332*z + 16552. What is the thousands digit of z?
2
Suppose 23391 = -340*x + 349*x. What is the tens digit of x?
9
Let a = -87 + 267. Suppose 180 = 4*t - a. What is the tens digit of t?
9
Suppose 61 = 2*x + 105. Let z(p) = -p**3 + 6*p**2 - 8*p + 5. Let h be z(5). Let d = h - x. What is the tens digit of d?
1
Suppose -c - 7533 = -3*j, 0*j = -5*j - 3*c + 12569. What is the units digit of j?
2
Let d(m) = -2*m**2 - 9*m - 4. Let z(u) = -u**2 - 4*u - 2. Let p(h) = 2*d(h) - 5*z(h). Suppose -3*r + 3 = 3*a, 5*r - 25 = -35. What is the tens digit of p(a)?
1
Suppose 0 = 4*v + 3*o - 36 - 9, 4*v - 5*o - 21 = 0. Suppose -1 - 21 = -3*d + 4*m, 2 = -d - m. Let i = d + v. What is the units digit of i?
1
Suppose 0 = -y - 3*h - 289, 2 + 1 = -h. Let q = y - -419. What is the hundreds digit of q?
1
Suppose 5*b + 4*b = 0. Suppose b = -5*r + 12 + 1043. What is the units digit of r?
1
Suppose 0 = 4*x - 611 + 223. Let m(z) = 10*z + 36. Let u be m(10). Let n = u - x. What is the tens digit of n?
3
Suppose -2*v = 2*q - 578, 0 = 55*q - 54*q - v - 291. What is the tens digit of q?
9
Let y be 40/22 + 4/22. Suppose -7*s + 35 - 7 = 0. Suppose -t - y*a = -s*a - 35, -3*a + 114 = 3*t. What is the units digit of t?
7
Suppose -10*s + 52 = 3*s. Suppose -f + 162 = i, -5*i + 73 = s*f - 575. What is the units digit of f?
2
Let j be 0/(-5 - -1 - -2). Suppose j*y + 84 = 7*y. What is the units digit of y?
2
Suppose 0 = -57*f + 87*f - 10740. What is the tens digit of f?
5
Suppose 0 = -12*n + 15*n - 9. Suppose -2*x + 5*h + 85 = -115, n*h = 0. What is the units digit of x?
0
Let j be 884/22 - (2 + (-100)/55). What is the hundreds digit of (1 - (-2056)/18) + j/(-180)?
1
Let v = 61 + -43. Suppose 14*u = v*u - 192. What is the units digit of u?
8
What is the tens digit of ((-169)/26 - -7)/((-2)/(-1756))?
3
Suppose 0*d - 2*d + 13 = 5*c, 0 = -2*d + 3*c + 5. Suppose 0 = -v + d*v - 6. Suppose x + 48 = v*o - 3*x, -3*o - 2*x + 40 = 0. What is the tens digit of o?
1
Let j(z) = 1. Let f(t) = 14*t**2 + t - 7. Let p(u) = f(u) + 6*j(u). Let k be p(-3). Suppose -34 + k = 4*y. What is the tens digit of y?
2
Suppose 410 = -22*a + 32*a. What is the tens digit of a?
4
Let t(u) be the first derivative of u**3/3 - 5*u**2/2 - 9*u - 1. Let o be t(7). Suppose 4*z - 15 = v - z, -30 = -2*v - o*z. What is the units digit of v?
5
Suppose 2*b - 4*b + 4 = 0. Let w be 216/32 + b/8. Let h = 56 + w. What is the units digit of h?
3
Suppose 2*f + f - 1254 = 0. Let r = f - 242. What is the hundreds digit of r?
1
Let d be 3 + -6 + 1 - -36. Let l(k) = k**3 - 4*k**2 + 4*k - 2. Let m be l(2). Let h = m + d. What is the units digit of h?
2
Let z(j) = -j + 268. What is the units digit of z(31)?
7
Let w be (-11784)/(-14) - 42/(-147). Let d = -516 + w. What is the tens digit of (-2)/(-5) + d/10?
3
Let f(j) = j - 2. Let k be f(6). What is the tens digit of k/(-4)*-1 - (-147 + -1)?
4
Suppose 4*t - 12522 = 2*u, 3880 - 16392 = -4*t - 8*u. What is the hundreds digit of t?
1
Let t(s) = -s - 1. Let m be t(-2). Let f be m*-4 - 14/(-7). What is the tens digit of f/(-2) - (-468)/9?
5
Let m = 224 - -350. What is the units digit of m?
4
Suppose -15*g + 6 = -12*g. What is the tens digit of (-1 - g/(-4))/(15/(-540))?
1
Let r(p) = -p - 4. Let d be r(-6). Suppose -3*i + n = 2*i - 55, -d*i - n + 15 = 0. Suppose 0 = 2*f + i, 4*f + 12 = -3*b - b. What is the units digit of b?
2
Suppose -5*f + 10 = 0, 4*i - 140 = 2*f - 32. Let z be (-61)/9 - 8/36. What is the units digit of (-33)/z - (-8)/i?
5
Let s(r) = r**3 + 8*r**2 - 4*r + 9. Let b be s(-8). Suppose -5*n + 10 + 39 = v, b = v - 3*n. What is the units digit of v?
4
Suppose 5*h - 201 = 10824. What is the thousands digit of h?
2
Let x(f) = 0*f + 4*f + 9 - 4*f + f. Let k be x(-6). Suppose 2*u + 18 = 6*r - 4*r, -k*r - 1 = 4*u. What is the units digit of r?
5
Let j be 25/15 - (-3)/9. Suppose j*v + 42 = v. Let n = -29 - v. What is the units digit of n?
3
Let u = 271 + -99. Suppose u = 3*x + 40. What is the tens digit of x?
4
Let g = 421 + -262. Suppose g + 42 = -3*c. Let j = c - -94. What is the tens digit of j?
2
Let p = 4 - -26. What is the tens digit of (36/p)/(6/285)?
5
Suppose -2 = -5*g + p, p = -5*g + 2 - 4. Suppose -2*k - 4*t + 110 = g, -2*k - 3*t - 165 = -6*k. What is the units digit of k?
5
Suppose l - 3*f - 408 = 0, 3*l + 3*f = 6*l - 1218. Suppose -9*x + 4*x = -l. What is the units digit of x?
1
Let d be ((-20)/(-25))/(3/(-15)). Let s(w) = -25*w - 6. What is the tens digit of s(d)?
9
Suppose -5*u - 4*y + 20 = -0*u, 60 = 5*u - 4*y. Let g = 13 - u. Suppose 0 = -5*d + l + 171, 3*l = -4*d + g*l + 132. What is the tens digit of d?
3
Let b(v) = 3*v**2 + 3. Let x be b(-2). Let i = x - 8. Suppose 3*n - i*l = -3*l + 77, -57 = -2*n - 3*l. What is the units digit of n?
7
Let n be (1 + (-6)/9)*-6. Suppose 2 + 0 = -p. What is the units digit of (-13 - (p - -2))*n?
6
Let w(d) = -2*d - 68. Let t(p) = 5*p + 135. Let m(c) = 3*t(c) + 5*w(c). What is the units digit of m(24)?
5
Let u = 55 - 57. Let i(z) = -18*z + 2. What is the units digit of i(u)?
8
Let f = -50 + 55. What is the units digit of 92/1*f/10?
6
Suppose -197*a = -186*a - 21087. What is the hundreds digit of a?
9
Suppose 4*m = 2*m + 8. Suppose k = 0, m*c + 3*k - 196 = -2*k. What is the tens digit of c?
4
Let x(a) = 2*a. Let s(b) = -b - 4. Let q be s(-5). Let m be x(q). What is the tens digit of m + (14 - (-4)/2)?
1
Let j = 5087 + -3000. What is the tens digit of j?
8
Suppose 0 = -5*g + 4*v + 5142, -3*g - v - 354 = -3429. What is the units digit of g?
6
Suppose 9*x + 219 = 4*x + 3*n, x - 2*n + 41 = 0. What is the tens digit of ((-288)/x)/(2/25)?
8
Let y(x) = x**3 - 7*x**2 - 14*x + 140. What is the tens digit of y(13)?
7
Let q be (-1 + -2)/(-3 + 2). What is the units digit of (-2 - -1)/(606/(-201) + q)?
7
Let w(l) = -79*l - 3. What is the tens digit of w(-6)?
7
Suppose 3*z + 5*s + 10 = 0, -5 = 2*z - 3*s - 30. Suppose 201 = -3*c - 5*j + 874, 0 = -5*c + z*j + 1135. What is the units digit of c?
6
Suppose 17*g - 5497 = 776. What is the units digit of g?
9
Suppose -r + 19 = -2*t, -4*r - r = 3*t - 69. Let f = 14 - r. What is the tens digit of ((-207)/18)/(f/2)?
2
Suppose -3*g - 4029 = -3*f, 6*f - 5*f + 2*g = 1340. What is the hundreds digit of f?
3
Suppose -247 = -4*i + 461. Suppose 4*d + 3*z = 144, -4*d = 2*z + 29 - i. What is the units digit of d?
9
Suppose 0 = -2*h + 8*h - 48. What is the units digit of 144/h + (-1 - (-2 + 4))?
5
Let y(l) = 3*l**2 + 19*l - 1. What is the hundreds digit of y(11)?
5
Let t = -2 - -6. Let o be 537/(-9) - t/12. Let f = o + 101. What is the tens digit of f?
4
Suppose -5*z + j + 505 + 4086 = 0, -2*j = 4*z - 3670. What is the units digit of z?
8
Let v be ((-6)/(-8))/(4/16). Let s be (-184)/(-12)*6 - 3. Suppose v*p - 13 = s. What is the units digit of p?
4
Let n(i) = 2*i**2 - 27*i - 129. What is the tens digit of n(-18)?
0
Let g = -311 - -519. What is the tens digit of g?
0
Let h(p) = -6*p + 15. Let i be h(-5). Let b = -1 + 1. Suppose 4*v = 3*c - i, -4*c - c - 4*v + 75 = b. What is the units digit of c?
5
Let t be 2/(-8) - 465/12. Let n = t + 5. Let c = n - -43. What is the units digit of c?
9
Suppose 33943 = 22*z - 14765. What is the hundreds digit of z?
2
What is the tens digit of (4/(-8) + 1)*638?
1
Let a(w) = 4*w**2 + 16*w - 14. Let c be a(-18). Suppose 5*y + 5*x = 3*x + 1244, 4*y + x - c = 0. What is the tens digit of y?
4
Let l = -239 - -42. Let n = -106 - l. Let z = n - 65. What is the units digit of z?
6
Let i = 2259 - 1305. What is the hundreds digit of i?
9
Let c be (2 + 14/(-4))*-2. Suppose c*l = -0*l + 156. What is the units digit of (l/(-3))/(14/(-21))?
6
Suppose -f - 17 = -5*g, g + 5 = -7*f + 3*f. Suppose -243 = -3*h + 3*y, 0*y = 2*h - g*y - 164. Let i = h - 47. What is the units digit of i?
2
Suppose 1156 = -4*q - 3*z, 5*z - 55 + 911 = -3*q. Let w = -180 - q. What is the units digit of w?
2
Let k(q) = 17*q**2 - 33*q - 68. Let r(h) = -6*h**2 + 11*h + 23. Let o(j) = 3*k(j) + 8*r(j). What is the hundreds digit of o(9)?
1
Suppose -5*g - 41 = -66. What is the tens digit of g/(-15) + 109/3?
3
Suppose 52*n - 76*n + 22968 = 0. What is the units digit of n?
7
Suppose -2*c + 30 = -c. Let w = 50 - c. Suppos